f 26 + -16 - (2 + -7 - (5 - 58))?
-38
Evaluate 7 + 2 - (8 - ((-2 - 28) + (-84 - -106))).
-7
Evaluate -18 + (0 - -2) + 159 + -128 + 90.
105
What is the value of (28 - 31 - (5 + 0) - (1 + -8)) + 50?
49
What is 8 + (-124 - (-140 - -75))?
-51
Calculate 9 - (9 + -20 + (34 - 1)) - 5 - -5.
-13
Evaluate (-13 - (-55 + 32)) + (-3 - -5).
12
What is the value of -53 + 10 + 43 + (-6 - -2) + 11 + -34?
-27
Evaluate -61 - (-80 + -1) - 33.
-13
Calculate 32 - (-2 + (21 - 7 - (0 + -1) - 4)).
23
0 + -137 - (42 - (56 - 26) - 34)
-115
What is the value of -12 - (2 + -8 + 6 - 3)?
-9
Evaluate 8 + (8 - 17 - (25 - 19)) + 6.
-1
What is -3 + 13 + -10 + 23 + -39 + 6?
-10
What is (-4 - 2) + (-11 - 62 - -8 - (-3 + 2))?
-70
Calculate 1 - (32 - (-4 + (13 - (5 + -16)))).
-11
What is (33 + -50 - 22 - -72) + -8?
25
Evaluate -23 + 2 - (18 + -2 - 4).
-33
-3 - -7 - (11 + 12 + -9 + 23 + -50)
17
What is the value of -16 - (29 + -93 - (4 - 4 - 3))?
45
Calculate -24 + 12 + -50 - -5 - (0 + -7).
-50
Calculate (-215 - -205) + (1 - -72) - (4 - (5 - 2)).
62
Calculate (2 - -2) + (21 - 22) + 13 + -9.
7
Evaluate (-3 - -5) + 1 + (334 - 293).
44
70 - (13 + -19 + -18 - -36)
58
What is (-1 - (14 - 11 - (84 + 1))) + (0 - 3)?
78
Evaluate -27 - (52 - 66) - -54.
41
Calculate (61 - (24 + 1)) + -95 + 30.
-29
Evaluate -42 - (-14 + -27 + 103).
-104
Evaluate (-24 - (-56 - -26) - (-2 + 3)) + (-33 - -1).
-27
Evaluate (-189 - -234) + (-2 - 2) - 6.
35
What is 76 + -23 + 11 - (12 - (9 - (2 - -4)))?
55
What is 1 + (-1 + 6 - 3) + (-1148 - -1279)?
134
What is (17 - (-19 + 31 + (-23 - -6))) + -132?
-110
What is -17754 + 17702 + (0 - 0 - (-10 - 2))?
-40
What is 8 - ((61 + 44 - 49) + 3 + 0 + 3)?
-54
40 - (16 + (-53 - -39))
38
Calculate 1549 - 1581 - ((-1 - 1) + -120).
90
(-3 - 0) + 1 - (-46 + -5 + 78)
-29
Calculate 1379 - 1375 - (-1 + 47).
-42
What is 47 - (88 - (41 + -44))?
-44
What is 232 + -291 - (-7 - 42)?
-10
What is 16 - (191 + -150 + (1 - (11 + 4)))?
-11
What is -155 + 106 + 64 - (1 - 50)?
64
Calculate (-54 + 1 - (1072 - 1103)) + (-1 - -117).
94
41 + -87 + 56 - 53
-43
Calculate (-3201 - -3195) + 0 + 40.
34
What is the value of (-5 - (-23 - -40)) + -13 + (-2 - (-1 - -5))?
-41
Evaluate -195 + 189 + 41 - (123 - 0).
-88
Evaluate -41 - (-21 - -46 - (4 + 5)).
-57
What is -74 + -32 - (322 - 299)?
-129
What is 198 + -220 - (-12 - (3 + -1))?
-8
What is the value of -59 - (-62 + -42) - (4 - (6 + 2))?
49
Calculate (-20 - (11 - 24)) + (-6 + (1 - 4) - -65).
49
56 - (-17 - 7) - 11
69
What is the value of (39 - 73) + -9 - -7?
-36
What is 83 + 22 + -14 + -4 - (-104 + 91)?
100
Evaluate -10 + 2 + -43 + 4 + (17 - -1 - 14).
-43
What is the value of 6 + 138 + (-5 - 126)?
13
Evaluate (21 - 1) + 0 + 310 + -362.
-32
What is the value of -20 + 2 - 3 - (92 - (-135 + 176))?
-72
Evaluate 24 - (13 + (9 + 0 - (6 + 29))).
37
What is 60 + (-17 - -27) + -64?
6
(0 - 1) + 72 + (-56 - -15) + -21
9
Evaluate 17 + -1 - (36 + 13 + -69).
36
-144 - (166 + -41 + -222)
-47
Calculate 3 + (3 - 13 - (19 - 84) - 1).
57
Evaluate (99 - 97) + 47 - (5 - (1 + (-3 - -4))).
46
Calculate -4 - (-31 + -2 - 1 - (-115 + 159 - 47)).
27
What is -15 - (-23 + -9 + 145 + -38)?
-90
What is -6 + (-7 + -9 + 18 - -50) + 7?
53
Calculate (-30 - -20) + 261 + -314.
-63
Calculate (4 - 1) + -7 + 24 + 8 + -2 + -4.
22
What is the value of 475 + -409 + -21 + -40?
5
Evaluate -38 + 33 - (1 - -10) - (-2 + 9).
-23
What is -106 + 85 + 41 + -134?
-114
What is -121 + 339 + -203 + -1 + (-31 - (2 + 1))?
-20
What is (6 - (-2 + 8) - (13 + -1)) + (-584 - -699)?
103
Calculate 18 + (495 - 509 - (1 + -3 - -73)).
-67
Calculate ((-6 - 8) + 21 - (0 - 0 - -4)) + -58.
-55
Calculate -18 + 5 + 5 - (10 + -6 + -11 - -9).
-10
Evaluate 7 - (38 - 3) - (96 + -109).
-15
What is the value of 30 + 48 + -66 + (-3 - (57 - 0))?
-48
12 - (12 - (10 - -14 - 5 - 13))
6
Calculate -14 + (-10 - (-37 - (-1 + 3 + -14))) + 45.
46
What is the value of 37 + -87 + 48 + 24?
22
Evaluate (5 + -8 - 162) + 17 - (-1 - (8 - -3)).
-136
-281 - -270 - (-44 + -9 + 4)
38
What is the value of 11 + 7 + 2 + -41 - 9?
-30
-17 + (-10 - (44 + -59)) - (-1 + -117)
106
25 - (12 + (-9 - (-4 - 16)))
2
Evaluate (-79 - 1) + (-1495 - -1467) + 35.
-73
What is 49 - 75 - -11 - 48?
-63
What is the value of (0 - (-19 + 17)) + (-9 - -33)?
26
Evaluate -1 + (-9 - (-21 - (-5 - -9 - 2)) - 4).
9
What is 13 - 4 - (12 + (-7 - -2) + -9 + -47)?
58
What is 34 + -25 + -31 + -2 + (-6 - -14) + 9?
-7
(721 - 735) + 30 + 2 + 36
54
What is -66 - (-133 + (-56 - -49))?
74
Calculate 0 - 17 - (2041 + -2083).
25
Calculate (-15 + -3 - -6 - -1) + (23 - -59 - -13).
84
25 - (-26 + 6) - 26 - 37
-18
-18 + -2 + 1 - ((-2 - 9) + 25)
-33
Evaluate 78 + -4 + -9 + -5 + (12 + 11 - 11).
72
-128 + -122 + 174 + 96
20
Calculate 60 + 4 + -8 - (3 - (-1 - -18)).
70
-5 + 23 + -6 + -34 + (-10 - (8 + -11))
-29
What is (38 - 13) + -32 - 2?
-9
Evaluate 114 + 1 + 181 + -246 + 83.
133
154 - ((12 - 71) + 103)
110
Calculate 83 + (-13 + 18 - 42).
46
What is the value of 2 + (4 - 3 - -11 - (-3 - -81 - 7))?
-57
-4 + (32 - (22 - 10)) + -7 + -37
-28
Calculate -8 - (-5 + 1 - (-23 - (7 - 73))).
39
Calculate (-2 - 1) + (-77 - 1) + (-60 - (45 + -119)).
-67
Calculate 5 + -8 + 2 + (-8 - -5).
-4
What is (-3 - 10) + -24 - (-2 + -4 + 5)?
-36
Calculate (133 - 55) + -69 + (-1 - -9).
17
-29 - 5 - (110 - 48 - 45)
-51
What is the value of (-839 - -822) + (2 - -21) + 13?
19
Evaluate -22 - -28 - (-15 - (-5 - (15 + -10))).
11
(412 - 426) + (7 - 0) - -4 - 86
-89
Calculate 6 + -66 + -3 + 1 + (-10 + 45 - 35).
-62
What is the value of 6 + (-23 - 10) - (2 + -102)?
73
What is -85 + 24 + 9 + -17?
-69
-9 + (7 + -3 - 62 - (163 + -171))
-59
-147 + 6 - (-168 - -64)
-37
What is -44 + (-28 - (67 + -85))?
-54
Evaluate -77 + (39 - (16 + -24)).
-30
-2 + 0 + -1 + 1 + 597 + -616
-21
Evaluate -5 + -1 - (91 - (-150 + 189)).
-58
Calculate (28 + -29 - 11) + 10 + -35 + -10.
-47
What is the value of (9 + -11 - 7) + 16 + -15 + (57 - 12)?
37
12 + -2 + 0 + -9 + (0 - 7)
-6
Evaluate -76 + 0 + (-9 - (25 + -58) - 9).
-61
What is (-196 - -64) + (-5 + 12 - -5) + 3?
-117
Calculate (77 - (-11 - (-83 + 35))) + 8.
48
7 + 6 - 9 - (-9 + (-18 - -18))
13
Calculate 0 + -15 + 2 + 1 + 3 + (-1279 - -1282).
-6
Calculate (19 + 24 - 3) + -41 - 79.
-80
What is the value of 10 + (1 + -10 - (11 - (-27 - -51)))?
14
Calculate 149 + -19 + 727 + -751.
106
What is the value of -3 + (294 + -285 + -11 + 1 - -47)?
43
What is the value of 52 + 27 - 31 - 89?
-41
What is the value of 5 - (1 + -36) - (89 - (75 - -9))?
35
What is 146 - (86 - 7) - 53?
14
What is -19 - (31 + -45) - (-3 + 72 + -6)?
-68
(-3 - -15 - ((3 - -4) + -3)) + (20 - 21)
7
-104912 + 104952 + 0 + 0 + 1 + -4
37
Calculate 1286 + -1265 + (-140 - (6 - 7)).
-118
Evaluate 18 + 0 + 3 + (4 - (-10 - -19)) + -16.
0
Evaluate 149 + (-188 - (36 + -127)).
52
Calculate 110 - (0 + (7 - (3 + 0) - 27)).
133
What is the value of -3159 - -3199 - (36 + -2)?
6
-206 + 150 - ((-2 - -7) + -12 + -3)
-46
Evaluate -9 + 9 + 22 + -3 + 44.
63
What is -15 - ((-11 - -61) + 3 + 6)?
-74
What is (50 - -396) + -348 + (0 - 1 - -25)?
122
Evaluate (-44 - -79 - 30) + -88.
-83
Evaluate 65476 - 65469 - (1 - (0 - 77)).
-71
Evaluate 4 - (-32 - (38 + -49)) - (-4 + (3 - 2)).
28
Evaluate 25 + (-25 - -33) + -53.
-20
What is the value of (-1206 - -1188) + (-2 - 15)?
-35
-17 + (-138 - -192) + -23
14
Calculate 7 + -57 + 57 - 1.
6
Evaluate 3 + -4 - 39 - (2230 + -2282).
12
Evaluate -1 + -29 + (43 - (-161 + 109)).
65
Evaluate 11 + (11 + 0 - (6 + -5 - (-50 - -37))).
8
Evaluate 6 + -8 + 4 - (-649 + 666).
-15
What is the value of -60 + 41 - (16 + -13 + (2 - 3))?
-21
What is (-20 - -44 - 25 - -3) + -93 + 1 - 11?
-101
(-30 + 38 - 30) + 7 + 31
16
12 - (-10 - (-14 - (-13 - 8)))
29
What is 1 + (4 - -17) + (-32 - (-21 + 47))?
-36
Calculate 17 + (51 + (37 - 9) - 25).
71
What is the value of (8 - (-6 + 2)) + 25 - 10?
27
(-10 - 1) + (2780 - 2715)
54
Calculate -4 + 1 - (3168 - 3116).
-55
What is 35 - 45 - (-8 - -2 - (-19 - -25))?
2
What is the value of (2 - 56) + (423 + -440 - (1 - 35)) + -6?
-43
Evaluate (20 - -21) + -27 + 44 + 1 - (4 + 1).
54
-8 + (-9 - 86) + (-2 - (-3 - (-12 + -3)))
-117
What is the value of (-6 - -7 - 53) + (10 - 22) + 21?
-43
What is the value of -2 - 13 - (1322 + -1314 + 0 + 85)?
-108
Calculate -3 - -57 - (-43 - -118).
-21
-21 + -30 - (-57 + 14) - (1 - -13)
-22
(-2 - (4 -